= c - 5*p, p = -c + 28. What is the units digit of c?
0
Let i = 18 + -32. Let o be (9/(-6))/(-3)*i. Let z(l) = -l**3 - 7*l**2 - l + 1. What is the units digit of z(o)?
8
Let l(d) = -d**3 + 6*d**2 + d + 6. Let c be l(8). Let b be (-1 + 0)/(3/c). Suppose 2*q - b = 5*f, -5*q + 38 - 5 = 3*f. What is the units digit of q?
9
Suppose -2*n - 2*n = 8. Let t = n - -3. Suppose 0*d - t = -d. What is the units digit of d?
1
Suppose -6 = -5*y + 2*y. What is the units digit of y?
2
Let f = 30 + -15. What is the tens digit of f?
1
Let h = 5 + 6. What is the units digit of h?
1
Let i(g) be the third derivative of g**5/30 + g**4/12 + g**3/2 + 3*g**2. What is the units digit of i(3)?
7
Suppose 141 = 5*g + b + 14, -2*g + 5*b = -40. What is the tens digit of g?
2
Suppose -2 + 6 = -4*u. What is the units digit of -1*-17*(0 - u)?
7
What is the units digit of 5 + -2 - (-10 + -41)?
4
Suppose 0 = 3*g - 0*g + 42. Let l = -10 - g. Suppose -l*h + 3 = -17. What is the units digit of h?
5
Let m be -1 + -2 + 3 + -4. Let x = m + 10. What is the units digit of x?
6
Let u be 5/(10/(-6)) + 6. Suppose -f = 2*o - 10 - 33, u*o + 4*f = 62. What is the tens digit of o?
2
Let i = -59 + 92. What is the tens digit of i?
3
Suppose -6*v = 3*v - 216. What is the units digit of v?
4
Suppose 3*h - 4*c = -c + 276, 5*h = -c + 448. What is the units digit of h?
0
Suppose -4*c + 56 = 5*q - 65, -q = -2*c + 57. What is the units digit of c?
9
Suppose 5*x + 2 = 12. Suppose -r + 15 = 2*a, 0 = -x*a + 1 + 3. Let h = -8 + r. What is the units digit of h?
3
What is the tens digit of 5/(-1*(-1)/5)?
2
Let x(v) = v**3 - 4*v**2 + 3. Let p be x(4). Let n = -44 - -74. Suppose -n + p = -3*s. What is the units digit of s?
9
Let r(n) = -15*n + 15. Let m(z) = 3*z - 3. Let o(l) = 24*m(l) + 5*r(l). Let j be o(-5). Suppose -j = -0*d - 3*d. What is the units digit of d?
6
Let v(h) = h + 2. Let j be v(0). Suppose 0 = j*g - 2*a - 40, -2*g = 5*a - 34 - 13. What is the tens digit of g?
2
Let t = -11 - 12. Let s = -11 - t. What is the units digit of s?
2
Let y be (-4)/(-6) + 14/6. Suppose -8*p + y*p + 80 = 0. What is the units digit of p?
6
Let r be (30/18)/((-1)/(-21)). Let i = -15 + r. What is the tens digit of i?
2
Let r = -4 + 5. Suppose -p + v = p - 1, 4*p - 7 = 3*v. Let u = r - p. What is the units digit of u?
3
Suppose m = 2*m - 12. What is the tens digit of ((-8)/(-10))/(m/150)?
1
Let g = 19 + -16. Suppose -g*d - 2*z = -166, 3*z - 272 = -5*d + 2*z. What is the units digit of d?
4
Let j(d) = -d**3 + d. Let c be j(2). What is the tens digit of -1 + 18 + c + 5?
1
Suppose 4 = u + 3*v, 4 = u - v - 0*v. Suppose -2*k + u*k + 3*s = 43, 5*s + 170 = 5*k. What is the tens digit of k?
2
Suppose 6 = -3*q, q = 4*p - 102 + 40. Let s = -11 + p. What is the units digit of s?
4
Suppose 7*h - 12*h + 3*o = -1863, -h = o - 379. What is the units digit of h?
5
Let t be 2/(3*(-1)/(-6)). Let k = t + -3. What is the tens digit of -20*k/2*-1?
1
Suppose 2*q = -5*f - 19, -q = -5*f + 2*f - 7. Suppose 0 = -2*k + 3*z + 19, -k + 5*z + 24 = -3. Let a = k - f. What is the units digit of a?
5
Let o(t) = 5*t + 5 + 1 - 4*t. Suppose -3*l - 2*y = 2*l + 19, 17 = -3*l - 4*y. What is the units digit of o(l)?
3
Let v(c) be the second derivative of -c**5/20 + 2*c**4/3 + 13*c**3/6 - 13*c**2/2 - 3*c. What is the tens digit of v(9)?
2
What is the units digit of 3*(-110)/40*(-4)/3?
1
Let w(q) = q**3 + 13*q**2 - 14*q + 7. Let z be w(-14). Suppose 0 = -0*t + 2*t + 4. Let n = z + t. What is the units digit of n?
5
Suppose 0 = -5*g - 20 + 55. Suppose 67 = 5*v + g. What is the units digit of v?
2
Suppose 34 = c - 4*w + 5*w, -2*c + 5*w + 40 = 0. What is the tens digit of c?
3
Let l = 60 - 28. What is the units digit of l?
2
Let d = 15 + 60. Suppose -2*f - 5 = d. What is the units digit of (-2)/(-6) - f/6?
7
Let s(l) = -1 - 1 + 2*l - 2. What is the units digit of s(3)?
2
Suppose x + 114 = 3*f, 128 = 4*f - 2*x - 26. What is the tens digit of f?
3
Let b(a) = a**2 + 15*a + 30. What is the tens digit of b(-15)?
3
Suppose -h + 9*h - 232 = 0. What is the tens digit of h?
2
Let a = -3 - -30. What is the units digit of a?
7
Suppose -1 = m - 5. Let r(s) = s**3 - 3*s**2 - 4*s + 5. Let z be r(m). Suppose 16 = z*x - x. What is the units digit of x?
4
Let c be (-2 - (-21)/(-3))/1. Let b = c + 24. What is the units digit of b?
5
Let u = 55 + 2. What is the tens digit of u?
5
Let v(o) = -2*o**3 + 19*o**2 - 11*o + 9. What is the hundreds digit of v(8)?
1
Suppose 156 = 4*p + f - 90, -252 = -4*p + 2*f. What is the units digit of p?
2
Let o(f) = -f**3 + 8*f**2 - 6*f + 11. What is the tens digit of o(7)?
1
Suppose 58 = 2*h - 5*x, -2*h = -4*x - 24 - 36. What is the tens digit of h?
3
Let d be (50/3)/(14/(-21)). Let q = d - -66. What is the units digit of q?
1
Let k(j) = -j**3 - 4*j**2 + 4*j - 23. What is the tens digit of k(-7)?
9
Suppose 120 + 3 = 3*x. What is the tens digit of x?
4
Let g = 9 + -3. What is the units digit of (-40)/g*24/(-20)?
8
Let a be -2*(0 - 3/3). What is the units digit of -1 + a/(2/9)?
8
Let d = 89 - 54. What is the tens digit of d?
3
Let s = -118 - -225. What is the tens digit of s?
0
Suppose -3*q + 502 = -2*k, 4*q + 2*k - 4*k - 670 = 0. What is the hundreds digit of q?
1
Suppose 20*m - 15*m = 375. What is the units digit of m?
5
Let h be (0 + 1)*(2 - 8). Let o be 4/(-2 - (-4 + 0)). Let q = o - h. What is the units digit of q?
8
Let q = 1 + 2. Suppose 4*t = -3*l + l + 30, -4*l + 35 = q*t. What is the units digit of l?
5
What is the units digit of 400/(-6)*(-18)/12?
0
Let o = 367 - 184. What is the units digit of o?
3
Let q be ((-70)/(-2) + 2)/1. Let w = q + -6. Suppose -3*h + 2*u = -w, 5*h + u = 5*u + 55. What is the units digit of h?
7
Suppose -5 = l - 5*h - 2, -2*h = -3*l - 9. Let w be 0 + ((-1)/(-1) - l). Suppose w*m = 3*m + 14. What is the units digit of m?
4
Let j be (-14)/(-8) + (-2)/(-8). What is the units digit of (1 - (-2 + j)) + 3?
4
Let q = 4 - 1. Suppose 0 = -3*w - 5*c + 56, 0 = q*c - 2*c - 1. What is the tens digit of w?
1
Suppose 0 = 3*g - 5 - 19. Let p be 64/10 - 2/5. Let x = g - p. What is the units digit of x?
2
Suppose 0*l + 2 = l. Let d(r) = 11*r + 2. Let q be d(l). Suppose 2*h - q = -2*h. What is the units digit of h?
6
Suppose 0*n - 90 = -5*n. What is the tens digit of n?
1
Let g = 295 + 49. What is the tens digit of g?
4
Let p(o) = 2*o - 3. Let k be p(2). Let t(r) = -r**3 - 9*r**2 - 8*r + 3. Let h be t(-8). Let w = h + k. What is the units digit of w?
4
Suppose 2*n + 2*n = -16. Let i = -5 - n. Let x = i - -5. What is the units digit of x?
4
Let n(o) = 15*o. What is the tens digit of n(5)?
7
Let g = 24 + 94. What is the units digit of g?
8
Let p(f) = -42*f + 3. What is the tens digit of p(-1)?
4
Suppose 4*l + 2*i + i - 231 = 0, -4*l + 211 = -i. Suppose 2*a + 90 = 5*z, -a + 3*a = -4*z + l. Suppose 0 = 2*b - z. What is the units digit of b?
8
Let p = 83 - 39. What is the tens digit of p?
4
Suppose -f + 5*c + 319 - 78 = 0, 0 = -3*f - c + 739. What is the tens digit of f?
4
Suppose 4*b - 5*n + 24 = 3*b, 0 = 3*b - 4*n + 28. Let t be b/6 + 158/(-6). What is the units digit of 2/4 - t/6?
5
Let u be 10/(-4)*(-3 - -1). Suppose 5 = o, 2*o - 3 = i - 3*o. Suppose 0 = u*l + y - 19, -2*l = 3*y + y - i. What is the units digit of l?
3
Suppose 0 = -2*p - 10*p + 1416. What is the hundreds digit of p?
1
Let i(o) = o - 2. Let w be i(5). Let x = w + -1. Suppose -x = -c + 1. What is the units digit of c?
3
Suppose -2 = -4*h + 3*h. Let x be (-8)/24 + 1/3. What is the units digit of x/2 - (-14)/h?
7
Let z = 102 + -58. What is the tens digit of z?
4
Let v(o) = 5*o**3 - o**2 - o + 1. Let x be v(1). Let j be 10/(-3 - -1 - -1). What is the units digit of ((-6)/x)/(3/j)?
5
Let s(t) be the third derivative of -4*t**2 - 1/3*t**3 - 1/120*t**6 + 0*t + 0*t**5 + 0 + 1/24*t**4. What is the units digit of s(-2)?
4
Suppose 5*n - 4*n = 4. What is the units digit of n?
4
Let p be ((-48)/(-14))/((-6)/(-42)). Suppose 0*x + 3*w = -x + 6, x - 3*w - p = 0. What is the tens digit of x?
1
What is the tens digit of -6 - -5 - -22*(-26)/(-4)?
4
Let f be 2*(0 + 15/6). Suppose i + 1 = g - 2*g, 5*g - f*i - 35 = 0. Let r = 14 - g. What is the units digit of r?
1
Let s be 0/((-9)/(-1 + 4)). Suppose -3*j + 12 + 30 = s. What is the tens digit of j?
1
Let a(r) = 5*r - 1. Let s(n) = -6*n + 1. Sup